at are the prime factors of 870378?
2, 3, 145063
List the prime factors of 16269327.
3, 31, 58313
What are the prime factors of 9145624?
2, 41, 27883
List the prime factors of 10855527.
3, 3618509
What are the prime factors of 5942550?
2, 3, 5, 173, 229
What are the prime factors of 4077904?
2, 254869
What are the prime factors of 31983342?
2, 3, 5330557
What are the prime factors of 19580327?
13, 1506179
What are the prime factors of 132656?
2, 8291
What are the prime factors of 557171?
677, 823
What are the prime factors of 279164?
2, 101, 691
List the prime factors of 3451273.
7, 79
What are the prime factors of 839475?
3, 5, 7, 13, 41
What are the prime factors of 474838?
2, 7, 13, 2609
List the prime factors of 3154168.
2, 394271
List the prime factors of 377751.
3, 11, 11447
What are the prime factors of 7546816?
2, 37, 3187
What are the prime factors of 567584?
2, 17737
List the prime factors of 31330565.
5, 7, 895159
What are the prime factors of 3308349?
3, 11, 29, 3457
List the prime factors of 7062483.
3, 2354161
List the prime factors of 1416308.
2, 71, 4987
What are the prime factors of 12218814?
2, 3, 678823
What are the prime factors of 13066203?
3, 4355401
What are the prime factors of 621458?
2, 310729
List the prime factors of 322724.
2, 80681
What are the prime factors of 118735?
5, 23747
List the prime factors of 26069.
131, 199
List the prime factors of 428601.
3, 142867
List the prime factors of 27300123.
3, 61, 49727
What are the prime factors of 17794507?
19, 347, 2699
What are the prime factors of 3493818?
2, 3, 194101
List the prime factors of 536869.
536869
What are the prime factors of 7083812?
2, 71, 24943
What are the prime factors of 6382697?
29, 97, 2269
What are the prime factors of 7290116?
2, 1822529
What are the prime factors of 166644?
2, 3, 1543
List the prime factors of 7754920.
2, 5, 193873
What are the prime factors of 2370232?
2, 296279
What are the prime factors of 3906492?
2, 3, 325541
What are the prime factors of 23311543?
23311543
List the prime factors of 36825079.
36825079
List the prime factors of 984449.
953, 1033
List the prime factors of 6032785.
5, 11, 19, 23, 251
What are the prime factors of 46631?
13, 17, 211
What are the prime factors of 833717?
833717
What are the prime factors of 6894194?
2, 239, 14423
What are the prime factors of 249530?
2, 5, 24953
List the prime factors of 4902745.
5, 980549
What are the prime factors of 12457035?
3, 5, 276823
List the prime factors of 510044.
2, 47, 2713
What are the prime factors of 244843?
244843
List the prime factors of 131934.
2, 3, 11, 1999
What are the prime factors of 7249271?
59, 122869
What are the prime factors of 4926003?
3, 457, 3593
List the prime factors of 276154.
2, 138077
What are the prime factors of 1089348?
2, 3, 13, 6983
What are the prime factors of 456507?
3, 50723
What are the prime factors of 4653074?
2, 1399, 1663
List the prime factors of 148300.
2, 5, 1483
What are the prime factors of 53905?
5, 10781
List the prime factors of 2485173.
3, 23, 36017
What are the prime factors of 677079?
3, 13, 643
What are the prime factors of 29616384?
2, 3, 7, 787
What are the prime factors of 3656649?
3, 17, 71699
List the prime factors of 1654140.
2, 3, 5, 19, 1451
List the prime factors of 71843.
71843
What are the prime factors of 579482?
2, 289741
What are the prime factors of 5049042?
2, 3, 523, 1609
List the prime factors of 181596.
2, 3, 37, 409
What are the prime factors of 164245?
5, 107, 307
What are the prime factors of 11165327?
23, 587, 827
What are the prime factors of 19017?
3, 2113
List the prime factors of 1164190.
2, 5, 47, 2477
List the prime factors of 130739.
7, 19, 983
What are the prime factors of 1046474?
2, 11, 13, 3659
List the prime factors of 143427.
3, 47809
List the prime factors of 3340767.
3, 37, 30097
List the prime factors of 229006.
2, 67, 1709
List the prime factors of 483612.
2, 3, 191, 211
What are the prime factors of 26674873?
61, 437293
What are the prime factors of 87791?
11, 23, 347
What are the prime factors of 489800?
2, 5, 31, 79
List the prime factors of 852883.
277, 3079
What are the prime factors of 5323016?
2, 67, 9931
List the prime factors of 1304396.
2, 326099
What are the prime factors of 379327?
13, 29179
What are the prime factors of 4474298?
2, 17, 7741
What are the prime factors of 140871?
3, 46957
List the prime factors of 212692.
2, 53173
What are the prime factors of 1628595?
3, 5, 36191
What are the prime factors of 8143912?
2, 7, 41, 3547
What are the prime factors of 107214?
2, 3, 107, 167
List the prime factors of 6168010.
2, 5, 29, 21269
List the prime factors of 113741.
107, 1063
What are the prime factors of 130878?
2, 3, 11, 661
What are the prime factors of 2346913?
2346913
What are the prime factors of 648503?
271, 2393
List the prime factors of 1332759.
3, 444253
List the prime factors of 701721.
3, 77969
What are the prime factors of 119909?
19, 6311
What are the prime factors of 19464612?
2, 3, 61, 26591
List the prime factors of 2631392.
2, 82231
List the prime factors of 6137656.
2, 7, 127, 863
List the prime factors of 2941382.
2, 947, 1553
What are the prime factors of 2216767?
7, 316681
List the prime factors of 26420774.
2, 13210387
What are the prime factors of 1588160?
2, 5, 7, 709
What are the prime factors of 322335?
3, 5, 13, 19, 29
List the prime factors of 21606012.
2, 3, 600167
List the prime factors of 39216673.
39216673
What are the prime factors of 3596911?
17, 211583
What are the prime factors of 37006360?
2, 5, 925159
What are the prime factors of 1383380?
2, 5, 263
What are the prime factors of 1084570?
2, 5, 108457
List the prime factors of 11949053.
227, 52639
What are the prime factors of 1233532?
2, 308383
What are the prime factors of 1063258?
2, 7, 173, 439
List the prime factors of 552611.
552611
List the prime factors of 506748.
2, 3, 11, 349
What are the prime factors of 14275969?
37, 385837
List the prime factors of 57169.
7, 8167
List the prime factors of 297010.
2, 5, 7, 4243
List the prime factors of 145360.
2, 5, 23, 79
What are the prime factors of 231710?
2, 5, 17, 29, 47
What are the prime factors of 4429201?
7, 632743
List the prime factors of 723198.
2, 3, 7, 67, 257
List the prime factors of 567279.
3, 63031
List the prime factors of 2940289.
11, 267299
List the prime factors of 7145987.
7145987
What are the prime factors of 682756?
2, 170689
What are the prime factors of 3881811?
3, 373, 3469
What are the prime factors of 3878073?
3, 430897
What are the prime factors of 7454265?
3, 5, 7, 13, 43, 127
List the prime factors of 32007742.
2, 13, 19, 64793
What are the prime factors of 20961?
3, 17, 137
What are the prime factors of 2729905?
5, 109, 5009
What are the prime factors of 25236784?
2, 1577299
What are the prime factors of 11441158?
2, 5720579
What are the prime factors of 17312400?
2, 3, 5, 7, 229
List the prime factors of 571924.
2, 142981
List the prime factors of 4786130.
2, 5, 307, 1559
List the prime factors of 25184359.
25184359
List the prime factors of 5666498.
2, 113, 25073
What are the prime factors of 185004?
2, 3, 571
List the prime factors of 21964049.
29, 757381
List the prime factors of 602197.
602197
What are the prime factors of 73738?
2, 7, 23, 229
What are the prime factors of 698444?
2, 283, 617
What are the prime factors of 8341381?
8341381
What are the prime factors of 195564?
2, 3, 43, 379
List the prime factors of 153558.
2, 3, 19, 449
What are the prime factors of 4986923?
4986923
List the prime factors of 38362929.
3, 11, 105683
What are the prime factors of 59468?
2, 14867
List the prime factors of 543726.
2, 3, 10069
List the prime factors of 58694.
2, 29347
List the prime factors of 7883957.
67, 117671
List the prime factors of 434469.
3, 7, 17, 1217
What are the prime factors of 388385?
5, 173, 449
List the prime factors of 143264.
2, 11, 37
What are the prime factors of 10129481?
10129481
What are the prime factors of 19642846?
2, 19, 107, 4831
What are the prime factors of 3575879?
23, 155473
List the prime factors of 1100871.
3, 13591
What are the prime factors of 4989621?
3, 7, 13, 373
List the prime factors of 320230.
2, 5, 31, 1033
List the prime factors of 347765.
5, 11, 